nd 14?
14
Let h(k) = 10*k + 49. Let y be h(-4). Let q(s) = s**3 + 14*s**2 - 2*s - 1. Let l be q(-14). Calculate the greatest common factor of l and y.
9
Suppose 0*i + 2*i + 184 = 0. Let j be (6 - 2)/(-2) - i. Calculate the highest common factor of j and 36.
18
Let v(a) = -3*a**2 - 49*a - 174. Let c be v(-9). What is the greatest common divisor of 564 and c?
12
Let q = -484 - -787. Let w = -133 + q. Calculate the highest common divisor of 68 and w.
34
Let x = 197 + -172. What is the highest common divisor of x and 225?
25
Suppose -2*p + 52 = -p. Let d = -21 + p. Suppose 6*y - y - g = 159, y - d = g. What is the greatest common divisor of y and 8?
8
Suppose 4*h + 35 = c + 8*h, -2*h = 2*c - 88. Calculate the highest common divisor of 188 and c.
47
Let s = -101 + 164. Suppose -4*b = -3*b - 7. What is the greatest common factor of s and b?
7
Suppose 4*b - 164 - 4 = 0. Let i be 106 + -1*1/1. Calculate the highest common divisor of b and i.
21
Let u be ((-15)/(-12))/((-4)/(-16)). Let h be 1/(u/2)*50. Calculate the greatest common divisor of 10 and h.
10
Suppose -5*m + 21 = 3*z, z - 11 = 2*m - 5*m. Suppose 2*o = o + 3*b + 57, -z*o + 112 = -4*b. What is the highest common factor of o and 81?
27
Suppose 3*o - 341 = -i, 2*o = -0*i + 5*i + 199. Calculate the highest common divisor of o and 40.
8
Let g be -6 + 2 + (4 + 1 - 0). What is the highest common divisor of 4 and g?
1
Suppose 2*f + 3*f - 240 = 0. Let r be 22/(-4)*(-6)/((-15)/(-5)). Suppose 16*d - r*d - 60 = 0. What is the greatest common divisor of d and f?
12
Let o = 3 + 4. Let s be 6/(-4)*(12 + -14). Suppose 81 = 3*v - s. Calculate the highest common divisor of o and v.
7
Let b(t) = t**3 + 9*t**2 - 4*t + 3. Let m be b(-9). Calculate the greatest common divisor of 52 and m.
13
Suppose -5*x - 168 = -17*x. Let k be 3/3*x/7. Calculate the highest common divisor of k and 18.
2
Let r be ((-50)/(-6))/((-420)/108 - -4). Calculate the greatest common factor of 30 and r.
15
Let v(j) = -63*j + 198. Let u be v(2). Calculate the greatest common divisor of 120 and u.
24
Let u(f) = 17*f + 254. Let k be u(23). What is the greatest common factor of 15 and k?
15
Suppose -69 - 91 = -2*j. Let a = 30 + -14. What is the highest common divisor of a and j?
16
Suppose 7*j + 3*t - 350 = 2*j, -3*j = -4*t - 210. What is the highest common factor of j and 77?
7
Suppose 1193*f - 3410 = 1182*f. Calculate the highest common divisor of f and 30.
10
Suppose -28*d = 4*d - 4000. Calculate the highest common factor of d and 525.
25
Let p be (-56)/7 - -4 - -544. What is the greatest common factor of 20 and p?
20
Let l(q) = 23*q - 485. Let t be l(35). Let i = 62 + -30. What is the greatest common divisor of t and i?
32
Suppose 21*c - 29*c = -8768. Calculate the greatest common divisor of 8 and c.
8
Let t be 1/((-1)/(-3))*18/(-54). Let q be 2/(-3)*-6*t + 42. Calculate the greatest common divisor of 133 and q.
19
Suppose 2*o - c = -3 + 2, -2*o - 3*c + 19 = 0. Let y(h) = -h**3 - 5*h**2 - 6*h - 6. Let q be y(-4). What is the highest common factor of q and o?
2
Let m = -18 - -20. Suppose 11 + 9 = 3*v - m*p, -5*v + 28 = 2*p. Calculate the greatest common divisor of 30 and v.
6
Let y(z) = z**2 - 2*z + 4. Let a be y(3). Suppose -13*c = -94 - 179. What is the highest common divisor of a and c?
7
Let h(k) = 7*k**2 + 10*k + 3. Let f be h(-4). Suppose 57 = -6*z - f. Let y = -15 - z. Calculate the greatest common divisor of y and 14.
7
Let k(p) = 29*p + 6. Let y be k(6). Let x = 433 + -413. What is the greatest common divisor of x and y?
20
Let z(n) = -n**3 + 4*n**2 - 1. Suppose -4*y + 17 - 1 = 0. Let h be z(y). Let q be (h + 1 + -126)*-1. Calculate the highest common factor of 18 and q.
18
Suppose -7*q = 31*q - 760. Calculate the highest common factor of 25 and q.
5
Suppose -20*u = -u - 285. Calculate the highest common divisor of u and 70.
5
Let a = 450 + -434. Calculate the greatest common factor of a and 196.
4
Let t(p) = -13*p**3 - 1. Let f = -11 - -14. Suppose f*a + 4 = -a. Let k be t(a). Calculate the greatest common divisor of k and 48.
12
Suppose 19 = 4*s - 13. Let y be (-6)/(-39) + 63/13. Suppose -y*l = -23 + s. What is the greatest common factor of l and 24?
3
Let s = 32 + -28. Suppose 8891 = s*c - 7365. Let f be (-8)/14 + c/56. What is the greatest common factor of 36 and f?
36
Suppose -4*o - 5*s + 9 = 0, o + 2*s = 5*s + 15. Let f be 12/6 + -12*(-3)/o. What is the highest common factor of f and 40?
8
Let k be (27 - (-2)/2) + 9/(-9). What is the greatest common divisor of k and 432?
27
Let x = 93 - 38. Let p(v) = -20*v - 9. Let w be p(-4). Let t = w - 49. Calculate the highest common factor of x and t.
11
Let o be (48/(-30))/(1/(-160)). Suppose 0 = -2*a + 10 - 2, -3*k + o = -5*a. What is the highest common factor of 23 and k?
23
Let x be ((-20)/7)/(12/(-42)). Let a be 68*(-1)/(-10)*x. Calculate the greatest common divisor of a and 17.
17
Let w be -3 - 0/(1 + -2). Let o be w - ((-39)/(-12))/(1/(-4)). What is the highest common factor of 30 and o?
10
Suppose -3*t + 54 = -2*i, -3*i = -0*t - 3*t + 51. Let r = 557 - 397. What is the highest common divisor of t and r?
20
Suppose 0 = -31*o + 2294 - 806. Calculate the greatest common factor of 132 and o.
12
Let m = -843 - -1185. What is the highest common divisor of 1254 and m?
114
Let k = -451 + 475. What is the greatest common divisor of k and 60?
12
Let g = -848 + 858. What is the greatest common factor of g and 190?
10
Suppose -q = 4*q + 30. Let i be 87/3 + 8 + q. What is the highest common divisor of i and 248?
31
Let y be (((-765)/34)/(-45))/(2/40). Let c = 5 - -20. Calculate the greatest common divisor of c and y.
5
Let w = 100 - 97. Suppose f = 2, -2*x + w*x + 2*f - 139 = 0. What is the greatest common factor of 15 and x?
15
Let n(d) = -9*d**2 + 3*d + 2. Let s be n(-2). Let a = s - -104. Calculate the highest common divisor of 96 and a.
32
Let a be 2/(-4) + 19/2. Let p = 140 - 134. What is the greatest common divisor of a and p?
3
Let x = 1 - -7. Let u = 489 + -321. Suppose c = 8*c - u. Calculate the greatest common factor of c and x.
8
Suppose 68 = 4*b + 2*a - 80, -5*b + 172 = -4*a. Let t(i) = -10*i. Let m be t(-1). Suppose 0 = -2*j + 8 + m. Calculate the greatest common divisor of j and b.
9
Let n = 57 + -58. Let u be 132/2 + 1*(n + 1). What is the greatest common divisor of 6 and u?
6
Let c = -1397 - -2699. Calculate the greatest common factor of 21 and c.
21
Let b(f) = 3*f**2 + 6*f - 3. Let d be b(-3). Suppose 2*o + 142 = 5*y, -2*y = -d*o + o - 40. What is the highest common divisor of 210 and y?
30
Let o = -24 - -28. Suppose -o*s + 56 = s - q, -5*q = 2*s - 44. What is the highest common factor of s and 4?
4
Suppose -5*c + 4*b = -45, -3*c - 4*b = 18 - 77. Suppose -c = -o + 2*w, -o + 2*w = 4*w + 7. Calculate the highest common divisor of o and 15.
3
Suppose -17 = -2*k + 159. Let c = -148 - -156. What is the greatest common divisor of k and c?
8
Let r = 34 - 12. Suppose 325*b - 328*b = -66. What is the highest common divisor of r and b?
22
Suppose -108*s + 111*s - 120 = 0. Calculate the greatest common factor of 20 and s.
20
Let k = 560 - 33. Calculate the greatest common factor of k and 31.
31
Suppose 0 = 4*u + 2*x - 92, -u = -6*u + 2*x + 133. Suppose u = 6*k + 1. Calculate the greatest common divisor of 4 and k.
4
Suppose -4*v = -5*w + 6084, 5*v + 3651 = 3*w + 2*v. What is the highest common factor of w and 19?
19
Let f = -35 + 39. Suppose 3*l = -2*w + 217, 6*l - 170 = f*l + 5*w. What is the highest common divisor of l and 30?
15
Let r be ((-156)/(-15))/(0 - 8/(-100)). Calculate the highest common factor of r and 30.
10
Let k = -11 + 16. Suppose 3*r = d + 11, -k - 2 = -3*d + r. Calculate the greatest common divisor of d and 40.
4
Let f be 365/11 + (-4)/22. Let h = 450 + -263. Suppose m + f = h. What is the greatest common divisor of 22 and m?
22
Let v(z) = -2*z**3 - 12*z**2 + 10*z + 7. Let d be v(-7). Calculate the highest common divisor of 630 and d.
35
Let d be 715/231 - (16/(-42))/(-4). What is the greatest common factor of 12 and d?
3
Let f = 22 - 20. Suppose -u + f*h = -28, -u = 4*h - 0 + 2. Let m = u + -3. What is the highest common divisor of m and 15?
15
Suppose -5*q = 3 + 2. Let j be 17 + -14 - 11*q. Calculate the highest common factor of j and 84.
14
Let j(l) = l**3 - 